= 0. Let b = x + l. List the prime factors of b.
2
Let d(g) = g**3 - 6*g**2 + 7*g - 5. Let t be d(5). Suppose t*q - 42 = 2*q. Suppose -2*b + q = -b. List the prime factors of b.
2, 7
Suppose 3*g - 4*i + 3*i + 5 = 0, 0 = -3*g + 4*i - 2. What are the prime factors of (15 - g/2)*1?
2
Let l(g) = 3*g**2 - g - 18. What are the prime factors of l(6)?
2, 3, 7
Let i = -6 + 11. Let w = i - 3. Suppose -9 = -b + 2*r, 22 = b + 3*r - w. What are the prime factors of b?
3, 5
Let c = 2 - 5. Let f = c + 16. List the prime factors of f.
13
Suppose 2*x - 34 = 14. Let f = -64 - -67. Suppose -f*a = a - x. List the prime factors of a.
2, 3
Let u be (144/12)/(1/(-2)). Suppose -3*j = -5*w - 12 - 130, -4*j - 5*w + 166 = 0. Let f = u + j. What are the prime factors of f?
2, 5
Suppose -30 = -5*b - 0*b. Let z(r) = r + 3. What are the prime factors of z(b)?
3
Suppose 2*y + 5 = 2*b - 9, 0 = -b + 5*y + 27. Let a be (9/6)/(1/b). Suppose -a*g - 3*q + 15 = 0, 4*g - 55 + 3 = 4*q. List the prime factors of g.
3
List the prime factors of ((-39)/(-12))/((-2)/(-32)).
2, 13
Let v be 1/(-5) + 2164/20. Suppose -2*p - 2*p = -v. What are the prime factors of p?
3
Suppose -3*b = -3*a - 2*b + 40, 0 = 2*a + 3*b - 34. Let l be (-2)/8 + 26/8. Suppose 0 = 5*n + l*w - 10, -5*n + a = 2*w + 4. What are the prime factors of n?
2
Suppose 5*a - 390 - 310 = 0. What are the prime factors of a?
2, 5, 7
Let h(j) = -j**3 - 3*j**2 + j + 4. Let y(v) = 2*v**3 + 5*v**2 - v - 7. Let x(r) = 5*h(r) + 2*y(r). Let s be x(-5). List the prime factors of (57 - 0)*(-3)/s.
19
Let l = 7 - -4. What are the prime factors of l?
11
Suppose -16 = h + 3*h. Let l be (8/(-3))/(h/6). Let s = -1 + l. List the prime factors of s.
3
Let z(t) = -7*t + 1. Let s be z(-1). List the prime factors of s/((-4)/(-2)) + 0.
2
Suppose 2*j = -3*j - 5. Let d = j - -5. Suppose -d*n + 7 = u, 2*u + u = -15. What are the prime factors of n?
3
Suppose 5*b - 531 = o, 0 = 4*b - 3*o + 2*o - 425. List the prime factors of b.
2, 53
Let i = -5 - 0. What are the prime factors of (-12)/(-1)*(-4 - i)?
2, 3
Let a = 3 - 45. Let c = -25 - a. List the prime factors of c.
17
Let w(m) be the second derivative of 0 - 1/12*m**4 + 4/3*m**3 - 3/2*m**2 + 3*m. What are the prime factors of w(5)?
2, 3
Let q(s) = 3*s - 18. Let j be q(12). Let v = 22 - j. What are the prime factors of v?
2
Suppose 1 - 3 = -s. Suppose -10 = -2*z + 18. Suppose l = -s + z. List the prime factors of l.
2, 3
What are the prime factors of ((-12)/(-9))/((-3)/(-99))?
2, 11
Suppose 0 = 2*n - 5*n - 18. Let c(u) = -u + 6. List the prime factors of c(n).
2, 3
Let d = 5 + -1. Let j be (1 + -16)*d/10. What are the prime factors of (0 + 1 - 2)*j?
2, 3
Suppose -6*m - 60 = -9*m. What are the prime factors of (m/(-30))/((-2)/12)?
2
Let l be 21 - (-3 + 2 - 1). Suppose -o + 5*g = -2*o, 5*o = -2*g + l. List the prime factors of o.
5
Suppose 4 = 4*h - 5*h, h = 5*x - 14. Let m be -1 - x*(2 - -1). Let d(f) = f**3 + 7*f**2 - f - 5. List the prime factors of d(m).
2
Suppose -58 = -5*y + 4*f, -4*y - 4*f + 0*f + 32 = 0. Let i be 2/(-7) + (-12)/7. Let l = i + y. What are the prime factors of l?
2
Suppose u = 3*t + 18, -2*u - 9 + 0 = 3*t. Let w = -3 - t. List the prime factors of w.
2
Let f(s) = 82*s - 5. What are the prime factors of f(1)?
7, 11
Let d be (-1)/((-2)/12) - 1. Let i(x) = x**2 + 2*x - 5. List the prime factors of i(d).
2, 3, 5
Suppose -119 = -4*i + 5*p, -3*p + 9 = i - 8. Suppose c + c - i = 0. What are the prime factors of c?
13
Let b be ((-252)/30)/(2/10). What are the prime factors of 2/(3/b*-4)?
7
Let v(p) = p**2 + 2*p + 1. Let s be -3 - (3*-1 - -1). Let y be v(s). Suppose y*o + 42 = 3*o + 3*c, 3*o + c - 36 = 0. What are the prime factors of o?
11
List the prime factors of 3 + (166 - (-2 - (-1 + -1))).
13
What are the prime factors of -3 - 1 - -22 - 2?
2
Let n(b) = 11*b + 2. Suppose -5*p = -5, -3*a = -p - 2 - 3. Let z(j) = 6*j + 1. Let l(k) = a*n(k) - 5*z(k). What are the prime factors of l(-1)?
7
Suppose 5*s = 20 - 5. Suppose -s*c + 17 = -5*l, 5*c = -5*l - 4 + 19. List the prime factors of c.
2
Let b = 25 + 7. Let t = -17 + b. What are the prime factors of t?
3, 5
Suppose 0 = 7*y - 4*y - 15. Let g(j) = 7*j - 7. What are the prime factors of g(y)?
2, 7
Let q(b) = 2 - 2*b**2 + 0*b**3 - 3 + 2*b**3. What are the prime factors of q(2)?
7
Let p be 1 + 0 + -1*2. Let d = p - -10. What are the prime factors of d?
3
Let l be (1/2)/((-6)/12). What are the prime factors of 1*14 + (-4 - l)?
11
Suppose 2*x = 46 + 42. What are the prime factors of x?
2, 11
Suppose -85 = -3*m + 614. List the prime factors of m.
233
Let q(y) = 6*y - 9. List the prime factors of q(7).
3, 11
Let r(g) = g**2 - 4*g + 2. Let a be r(4). Suppose a = -x + 4. List the prime factors of x.
2
Suppose 5*x + 990 = 14*x. What are the prime factors of x?
2, 5, 11
Suppose m - 9 = -2*m - v, -5*m - 2*v + 16 = 0. Let u = -3 + m. Let h = 3 - u. List the prime factors of h.
2
Let n(y) = y**2 - 3*y + 4. Let w be n(2). Suppose 6 = q - s, -s - 15 = -w*q + 1. What are the prime factors of q?
2, 5
Let t(i) = -2*i**3 + 2*i**2 + 1. Let z be t(-2). Suppose -165 = -5*y - z. Suppose 5*k - y = k. List the prime factors of k.
7
Suppose -59 - 31 = 5*r. What are the prime factors of (-6)/(-9)*r/(-4)?
3
Suppose -9*t = -8*t - 91. List the prime factors of t.
7, 13
Let r(k) = 105*k + 1. List the prime factors of r(1).
2, 53
Let x(z) = -4*z**3 + z + 1. Let j be x(-1). Suppose s - j = -s. Suppose 2*f + 3*v - 25 = 0, 0*f + s*v - 24 = -2*f. List the prime factors of f.
11
Let f(i) = -30*i - 2. List the prime factors of f(-2).
2, 29
Let r = -2 + 9. Suppose -8*w + 15 = -r*w. What are the prime factors of w?
3, 5
Let w = 1 + -1. Suppose w*d - 5*d = -35. Suppose -2*m - 60 = -d*m. What are the prime factors of m?
2, 3
Suppose 0 = -2*c + 66 + 164. List the prime factors of c.
5, 23
Let g = 13 + -7. Suppose -g = -4*o + 18. List the prime factors of o.
2, 3
Let x(v) = -5*v - 10. Let r(q) = -11*q - 21. Let t(a) = 4*r(a) - 9*x(a). What are the prime factors of t(-3)?
3
Let m(r) = -r**2 + r - 14. Let a be m(-8). Let s = a - -147. List the prime factors of s.
61
Let p be (2 + -5 + -1)/(-1). Suppose 4*i - 2*i - p = 0. Suppose -o = -5*f + 55 + 20, -27 = -i*f + o. What are the prime factors of f?
2
Let q(r) = -2*r**3 - 3*r**2 - 7*r - 8. What are the prime factors of q(-4)?
2, 5
Let k(r) = -r**3 - 5*r**2 + 7*r + 9. Let s be k(-6). Suppose 2*i + 8 = s*i. Let m = 4 + i. List the prime factors of m.
2, 3
What are the prime factors of 3 - 82*(-5)/10?
2, 11
Let x(s) = -3*s + 6*s - s + 5*s - 3. List the prime factors of x(2).
11
Let s(w) = w**3 + 3*w**2 - 3*w - 1. Let k be s(-2). Suppose -2*f - 10 = 3*f. Let x = k - f. What are the prime factors of x?
11
Suppose 3*r = x + 103, -6*r + r = 5*x - 185. List the prime factors of r.
5, 7
Suppose -a - 2*a = 0. Let k = 13 + a. List the prime factors of k.
13
Suppose -k = 1 - 5. Suppose -5*n - 136 = -k*l, -3*n + n = -4*l + 148. Let c = l + -28. List the prime factors of c.
11
Let d = 5 - 5. Suppose -w - w = d, -3*a + 5*w = -18. Suppose a*n = n + 20. What are the prime factors of n?
2
Let t = 9 + -5. Let d be t + (2 - (2 - 2)). Suppose -d*o + 5*o + 12 = 0. What are the prime factors of o?
2, 3
Let f = 1 + 2. Suppose f*i - 15 = 0, s - 8*i + 1 = -4*i. What are the prime factors of s?
19
Let l be (-13)/(-5) + (-4)/(-10). Let k be (36/(-14))/(2/(-14)). Suppose k = -n + l*n. What are the prime factors of n?
3
Let a(r) = r**3 + 6*r**2 - 5. Let b(l) = 2*l**3 + 11*l**2 - 9. Let i be (-11)/3 + 4/6. Let k(g) = i*b(g) + 5*a(g). List the prime factors of k(-3).
2
What are the prime factors of 3828/55 + 3/(-5)?
3, 23
Let h(z) = z**3 + 2*z**2 + 51. List the prime factors of h(0).
3, 17
Suppose 10 = i + i + 4*j, -4*i + 20 = -j. Let m(h) = -h**2 + 9*h - 2. Let a be m(7). Let k = a - i. List the prime factors of k.
7
Suppose 4*u = -4*h, 3*h + 2 = -5*u - 6. Suppose 0 = -3*x + h*x - 10. What are the prime factors of x?
2, 5
Let t = -31 + 73. List the prime factors of t.
2, 3, 7
Suppose 0 = -3*k + 4*g + 86, 0*g - g = -2*k + 59. Suppose -n - 2*n = 3*q - k, -2*n = -4*q - 38. List the prime factors of n.
13
Let q(b) = b + 15. What are the prime factors of q(14)?
29
Let v(c) = c**2 - 2*c - 23. List the prime factors of v(9).
2, 5
Suppose -7*c + 5*c = 2*o - 148, 2*o - c = 160.